{"id":4060,"date":"2025-03-15T18:22:30","date_gmt":"2025-03-15T17:22:30","guid":{"rendered":"https:\/\/codisoil.com\/adblue\/goblue\/?page_id=4060"},"modified":"2025-06-18T18:24:33","modified_gmt":"2025-06-18T16:24:33","slug":"terminos-y-condiciones","status":"publish","type":"page","link":"https:\/\/codisoil.com\/adblue\/goblue\/terminos-y-condiciones\/","title":{"rendered":"T\u00e9rminos y condiciones"},"content":{"rendered":"\n<h4 class=\"wp-block-heading\"><strong>VISI\u00d3N GENERAL<\/strong><\/h4>\n\n\n\n<p>Este sitio web est\u00e1 gestionado por <strong>Codisoil S.A.<\/strong>. En todo el sitio, los t\u00e9rminos \u00abnosotros\u00bb, \u00abnos\u00bb y \u00abnuestro\u00bb se refieren a <strong>Codisoil S.A.<\/strong>.<\/p>\n\n\n\n<p><strong>Codisoil S.A.<\/strong> ofrece este sitio web, incluyendo toda la informaci\u00f3n, herramientas y servicios disponibles en este sitio para usted, el usuario, condicionado a la aceptaci\u00f3n de todos los t\u00e9rminos, condiciones, pol\u00edticas y avisos aqu\u00ed establecidos.<\/p>\n\n\n\n<p>Al visitar nuestro sitio y\/o comprar algo de nosotros, usted participa en nuestro \u00abServicio\u00bb y acepta estar obligado por los siguientes t\u00e9rminos y condiciones (\u00abT\u00e9rminos de Servicio\u00bb, \u00abT\u00e9rminos\u00bb), incluyendo aquellos t\u00e9rminos y condiciones adicionales y pol\u00edticas referenciadas en este documento y\/o disponibles por hiperv\u00ednculo. Estas Condiciones del servicio se aplican a todos los usuarios del sitio, incluidos, entre otros, los usuarios que son navegadores, vendedores, clientes, comerciantes y\/o colaboradores de contenidos.<\/p>\n\n\n\n<p>Lea atentamente estas Condiciones de servicio antes de acceder o utilizar nuestro sitio web. Al acceder o utilizar cualquier parte del sitio, usted acepta quedar vinculado por estas Condiciones de servicio. Si no acepta todos los t\u00e9rminos y condiciones de este acuerdo, no podr\u00e1 acceder al sitio web ni utilizar ninguno de los Servicios.<\/p>\n\n\n\n<p>Cualquier nueva funci\u00f3n o herramienta que se a\u00f1ada a la tienda actual tambi\u00e9n estar\u00e1 sujeta a las Condiciones del servicio. Puede consultar la versi\u00f3n m\u00e1s actualizada de las Condiciones del servicio en cualquier momento en esta p\u00e1gina. Nos reservamos el derecho a actualizar, cambiar o sustituir cualquier parte de estas Condiciones del servicio mediante la publicaci\u00f3n de actualizaciones y\/o cambios en nuestro sitio web. Es su responsabilidad revisar esta p\u00e1gina peri\u00f3dicamente para comprobar si se han producido cambios. El uso continuado o el acceso al sitio web tras la publicaci\u00f3n de cualquier cambio constituye la aceptaci\u00f3n de dichos cambios.<\/p>\n\n\n\n<hr class=\"wp-block-separator has-alpha-channel-opacity is-style-wide\"\/>\n\n\n\n<h3 class=\"wp-block-heading\"><strong>SECCI\u00d3N 1 \u2013 CONDICIONES DE LA TIENDA ONLINE<\/strong><\/h3>\n\n\n\n<p>Al aceptar estas Condiciones del servicio, usted declara que es mayor de edad en su estado o provincia de residencia, o que es mayor de edad en su estado o provincia de residencia y nos ha dado su consentimiento para permitir que cualquiera de sus dependientes menores de edad utilice este sitio.<\/p>\n\n\n\n<p>Usted no puede utilizar nuestros productos para ning\u00fan prop\u00f3sito ilegal o no autorizado ni puede, en el uso del Servicio, violar ninguna ley en su jurisdicci\u00f3n (incluyendo, pero no limitado a, las leyes de derechos de autor).<\/p>\n\n\n\n<p>No debe transmitir gusanos ni virus ni ning\u00fan c\u00f3digo de naturaleza destructiva.<\/p>\n\n\n\n<p>El incumplimiento o violaci\u00f3n de cualquiera de las Condiciones dar\u00e1 lugar a la rescisi\u00f3n inmediata de sus Servicios.<\/p>\n\n\n\n<hr class=\"wp-block-separator has-alpha-channel-opacity is-style-wide\"\/>\n\n\n\n<h3 class=\"wp-block-heading\"><strong>SECCI\u00d3N 2 \u2013 CONDICIONES GENERALES<\/strong><\/h3>\n\n\n\n<p>Nos reservamos el derecho a denegar el Servicio a cualquier persona por cualquier motivo y en cualquier momento.<\/p>\n\n\n\n<p>Usted entiende que su contenido (sin incluir la informaci\u00f3n de la tarjeta de cr\u00e9dito) puede ser transferido sin cifrar e implicar (a) transmisiones a trav\u00e9s de varias redes; y (b) cambios para ajustarse y adaptarse a los requisitos t\u00e9cnicos de las redes o dispositivos de conexi\u00f3n. La informaci\u00f3n de las tarjetas de cr\u00e9dito siempre se encripta durante la transferencia a trav\u00e9s de las redes.<\/p>\n\n\n\n<p>Usted se compromete a no reproducir, duplicar, copiar, vender, revender o explotar cualquier parte del Servicio, el uso del Servicio o el acceso al Servicio o cualquier contacto en el sitio web a trav\u00e9s del cual se presta el Servicio, sin el permiso expreso y por escrito de <strong>Codisoil S.A.<\/strong>.<\/p>\n\n\n\n<hr class=\"wp-block-separator has-alpha-channel-opacity is-style-wide\"\/>\n\n\n\n<h3 class=\"wp-block-heading\"><strong>SECCI\u00d3N 3 \u2013 CONDICIONES DE CONTRATACI\u00d3N<\/strong><\/h3>\n\n\n\n<h4 class=\"wp-block-heading\"><strong>Hojas de Reclamaciones<\/strong><\/h4>\n\n\n\n<p>El cliente tendr\u00e1 a su disposici\u00f3n hojas de reclamaciones en nuestro establecimiento f\u00edsico situado en:<\/p>\n\n\n\n<p><strong>Parque Empresarial La Finca, P.\u00ba del Club Deportivo, 1, Edificio 11, 28223, Pozuelo de Alarc\u00f3n, Madrid.<\/strong><\/p>\n\n\n\n<h4 class=\"wp-block-heading\"><strong>Tratamiento de Reclamaciones<\/strong><\/h4>\n\n\n\n<p>Codisoil pone a disposici\u00f3n de sus clientes un Servicio de Atenci\u00f3n al Cliente, al que se puede contactar a trav\u00e9s de:<\/p>\n\n\n\n<ul class=\"wp-block-list\">\n<li><strong>Email:<\/strong> <a href=\"mailto:hola@codisoil.com\">hola@codisoil.com<\/a><\/li>\n\n\n\n<li><strong>Formulario web:<\/strong> <a href=\"https:\/\/codisoil.com\/adblue\/goblue\/contacto\/\">https:\/\/codisoil.com\/adblue\/goblue\/contacto\/<\/a><\/li>\n\n\n\n<li><strong>Direcci\u00f3n postal:<\/strong> <strong>Parque Empresarial La Finca, P.\u00ba del Club Deportivo, 1, Edificio 11, 28223, Pozuelo de Alarc\u00f3n, Madrid<\/strong><\/li>\n<\/ul>\n\n\n\n<p>Las reclamaciones presentadas ser\u00e1n respondidas por el medio adecuado en un plazo m\u00e1ximo de 30 d\u00edas.<\/p>\n\n\n\n<hr class=\"wp-block-separator has-alpha-channel-opacity is-style-wide\"\/>\n\n\n\n<h3 class=\"wp-block-heading\"><strong>SECCI\u00d3N 4 \u2013 M\u00c9TODOS DE PAGO<\/strong><\/h3>\n\n\n\n<p>En <strong>Codisoil S.A.<\/strong>, ofrecemos m\u00e9todos de pago seguros para garantizar la mejor experiencia de compra.<\/p>\n\n\n\n<ul class=\"wp-block-list\">\n<li><strong>Transferencia Bancaria:<\/strong> Puede realizar el pago mediante transferencia bancaria directa. Una vez realizada la transferencia, deber\u00e1 enviar el comprobante de pago a <strong><a href=\"mailto:hola@codisoil.com\">hola@codisoil.com<\/a><\/strong>. El pedido se procesar\u00e1 tras la confirmaci\u00f3n del ingreso en nuestra cuenta bancaria.<\/li>\n\n\n\n<li><strong>Pasarela de pago Cecabank:<\/strong> Permitimos el pago con tarjeta de cr\u00e9dito y d\u00e9bito a trav\u00e9s de <strong>Cecabank<\/strong>, un proveedor de pagos seguro y confiable que garantiza transacciones encriptadas y protegidas contra fraudes.<\/li>\n<\/ul>\n\n\n\n<hr class=\"wp-block-separator has-alpha-channel-opacity is-style-wide\"\/>\n\n\n\n<h3 class=\"wp-block-heading\"><strong>SECCI\u00d3N 5 \u2013 GARANT\u00cdAS Y POL\u00cdTICA DE DEVOLUCIONES<\/strong><\/h3>\n\n\n\n<p>Se mantienen las condiciones actuales de garant\u00eda:<\/p>\n\n\n\n<ul class=\"wp-block-list\">\n<li><strong>2 a\u00f1os de garant\u00eda<\/strong> para clientes finales.<\/li>\n\n\n\n<li><strong>1 a\u00f1o de garant\u00eda<\/strong> para distribuidores.<\/li>\n<\/ul>\n\n\n\n<p>Para gestionar cualquier garant\u00eda, es imprescindible adjuntar una copia de la factura.<\/p>\n\n\n\n<p>Si el producto ha sido da\u00f1ado por un mal uso o por cualquier otra raz\u00f3n fuera de la garant\u00eda, <strong>Codisoil S.A.<\/strong> facilitar\u00e1 un presupuesto de reparaci\u00f3n.<\/p>\n\n\n\n<hr class=\"wp-block-separator has-alpha-channel-opacity is-style-wide\"\/>\n\n\n\n<h3 class=\"wp-block-heading\"><strong>SECCI\u00d3N 6 \u2013 LEGISLACI\u00d3N APLICABLE<\/strong><\/h3>\n\n\n\n<p>Estas Condiciones de Servicio y cualquier acuerdo independiente por el que le proporcionemos Servicios se regir\u00e1n e interpretar\u00e1n de acuerdo con las <strong>leyes de Espa\u00f1a<\/strong>.<\/p>\n\n\n\n<p>Cualquier controversia o conflicto que pudiera derivarse del acceso o uso de este sitio web ser\u00e1 resuelto de acuerdo con la <strong>legislaci\u00f3n espa\u00f1ola vigente<\/strong> y se someter\u00e1 a la <strong>jurisdicci\u00f3n de los juzgados y tribunales de Madrid, Espa\u00f1a<\/strong>, renunciando expresamente a cualquier otro fuero que pudiera corresponderles, salvo que la normativa aplicable determine otro fuero.<\/p>\n\n\n\n<hr class=\"wp-block-separator has-alpha-channel-opacity is-style-wide\"\/>\n\n\n\n<h3 class=\"wp-block-heading\"><strong>SECCI\u00d3N 7 \u2013 INFORMACI\u00d3N DE CONTACTO<\/strong><\/h3>\n\n\n\n<p>Si tiene alguna pregunta sobre estos T\u00e9rminos y Condiciones, puede contactarnos en:<\/p>\n\n\n\n<ul class=\"wp-block-list\">\n<li><strong>Direcci\u00f3n:<\/strong> Parque Empresarial La Finca, P.\u00ba del Club Deportivo, 1, Edificio 11, 28223, Pozuelo de Alarc\u00f3n, Madrid.<\/li>\n\n\n\n<li><strong>Email:<\/strong> <a href=\"mailto:hola@codisoil.com\">hola@codisoil.com<\/a><\/li>\n\n\n\n<li><strong>Tel\u00e9fono:<\/strong> +34 682 693 469<\/li>\n\n\n\n<li><strong>Formulario web:<\/strong> <a href=\"https:\/\/codisoil.com\/adblue\/goblue\/contacto\/\">https:\/\/codisoil.com\/adblue\/goblue\/contacto\/<\/a><\/li>\n<\/ul>\n\n\n\n<p><\/p>\n","protected":false},"excerpt":{"rendered":"<p>VISI\u00d3N GENERAL Este sitio web est\u00e1 gestionado por Codisoil S.A.. En todo el sitio, los t\u00e9rminos \u00abnosotros\u00bb, \u00abnos\u00bb y \u00abnuestro\u00bb se refieren a Codisoil S.A.. Codisoil S.A. ofrece este sitio web, incluyendo toda la informaci\u00f3n, herramientas y servicios disponibles en este sitio para usted, el usuario, condicionado a la aceptaci\u00f3n de todos los t\u00e9rminos, condiciones, [&hellip;]<\/p>\n","protected":false},"author":11,"featured_media":0,"parent":0,"menu_order":0,"comment_status":"closed","ping_status":"closed","template":"","meta":{"_acf_changed":false,"_joinchat":[],"footnotes":""},"class_list":["post-4060","page","type-page","status-publish","hentry"],"acf":[],"yoast_head":"<!-- This site is optimized with the Yoast SEO plugin v26.5 - https:\/\/yoast.com\/wordpress\/plugins\/seo\/ -->\n<title>T\u00e9rminos y condiciones - GoBlue<\/title>\n<meta name=\"robots\" content=\"index, follow, max-snippet:-1, max-image-preview:large, max-video-preview:-1\" \/>\n<link rel=\"canonical\" href=\"https:\/\/codisoil.com\/adblue\/goblue\/terminos-y-condiciones\/\" \/>\n<meta property=\"og:locale\" content=\"es_ES\" \/>\n<meta property=\"og:type\" content=\"article\" \/>\n<meta property=\"og:title\" content=\"T\u00e9rminos y condiciones - GoBlue\" \/>\n<meta property=\"og:description\" content=\"VISI\u00d3N GENERAL Este sitio web est\u00e1 gestionado por Codisoil S.A.. En todo el sitio, los t\u00e9rminos \u00abnosotros\u00bb, \u00abnos\u00bb y \u00abnuestro\u00bb se refieren a Codisoil S.A.. Codisoil S.A. ofrece este sitio web, incluyendo toda la informaci\u00f3n, herramientas y servicios disponibles en este sitio para usted, el usuario, condicionado a la aceptaci\u00f3n de todos los t\u00e9rminos, condiciones, [&hellip;]\" \/>\n<meta property=\"og:url\" content=\"https:\/\/codisoil.com\/adblue\/goblue\/terminos-y-condiciones\/\" \/>\n<meta property=\"og:site_name\" content=\"GoBlue\" \/>\n<meta property=\"article:publisher\" content=\"https:\/\/www.facebook.com\/Codisoil\" \/>\n<meta property=\"article:modified_time\" content=\"2025-06-18T16:24:33+00:00\" \/>\n<meta name=\"twitter:card\" content=\"summary_large_image\" \/>\n<meta name=\"twitter:label1\" content=\"Tiempo de lectura\" \/>\n\t<meta name=\"twitter:data1\" content=\"5 minutos\" \/>\n<script type=\"application\/ld+json\" class=\"yoast-schema-graph\">{\"@context\":\"https:\/\/schema.org\",\"@graph\":[{\"@type\":\"WebPage\",\"@id\":\"https:\/\/codisoil.com\/adblue\/goblue\/terminos-y-condiciones\/\",\"url\":\"https:\/\/codisoil.com\/adblue\/goblue\/terminos-y-condiciones\/\",\"name\":\"T\u00e9rminos y condiciones - GoBlue\",\"isPartOf\":{\"@id\":\"https:\/\/codisoil.com\/adblue\/goblue\/#website\"},\"datePublished\":\"2025-03-15T17:22:30+00:00\",\"dateModified\":\"2025-06-18T16:24:33+00:00\",\"breadcrumb\":{\"@id\":\"https:\/\/codisoil.com\/adblue\/goblue\/terminos-y-condiciones\/#breadcrumb\"},\"inLanguage\":\"es\",\"potentialAction\":[{\"@type\":\"ReadAction\",\"target\":[\"https:\/\/codisoil.com\/adblue\/goblue\/terminos-y-condiciones\/\"]}]},{\"@type\":\"BreadcrumbList\",\"@id\":\"https:\/\/codisoil.com\/adblue\/goblue\/terminos-y-condiciones\/#breadcrumb\",\"itemListElement\":[{\"@type\":\"ListItem\",\"position\":1,\"name\":\"Portada\",\"item\":\"https:\/\/codisoil.com\/adblue\/goblue\/\"},{\"@type\":\"ListItem\",\"position\":2,\"name\":\"T\u00e9rminos y condiciones\"}]},{\"@type\":\"WebSite\",\"@id\":\"https:\/\/codisoil.com\/adblue\/goblue\/#website\",\"url\":\"https:\/\/codisoil.com\/adblue\/goblue\/\",\"name\":\"GoBlue | Codisoil\",\"description\":\"\",\"publisher\":{\"@id\":\"https:\/\/codisoil.com\/adblue\/goblue\/#organization\"},\"potentialAction\":[{\"@type\":\"SearchAction\",\"target\":{\"@type\":\"EntryPoint\",\"urlTemplate\":\"https:\/\/codisoil.com\/adblue\/goblue\/?s={search_term_string}\"},\"query-input\":{\"@type\":\"PropertyValueSpecification\",\"valueRequired\":true,\"valueName\":\"search_term_string\"}}],\"inLanguage\":\"es\"},{\"@type\":\"Organization\",\"@id\":\"https:\/\/codisoil.com\/adblue\/goblue\/#organization\",\"name\":\"GoBlue - Codisoil\",\"url\":\"https:\/\/codisoil.com\/adblue\/goblue\/\",\"logo\":{\"@type\":\"ImageObject\",\"inLanguage\":\"es\",\"@id\":\"https:\/\/codisoil.com\/adblue\/goblue\/#\/schema\/logo\/image\/\",\"url\":\"https:\/\/codisoil.com\/adblue\/goblue\/wp-content\/uploads\/2021\/02\/GoBlueLogo-02.png\",\"contentUrl\":\"https:\/\/codisoil.com\/adblue\/goblue\/wp-content\/uploads\/2021\/02\/GoBlueLogo-02.png\",\"width\":1000,\"height\":500,\"caption\":\"GoBlue - Codisoil\"},\"image\":{\"@id\":\"https:\/\/codisoil.com\/adblue\/goblue\/#\/schema\/logo\/image\/\"},\"sameAs\":[\"https:\/\/www.facebook.com\/Codisoil\",\"https:\/\/www.instagram.com\/codisoil\",\"https:\/\/www.linkedin.com\/company\/codisoil\"]}]}<\/script>\n<!-- \/ Yoast SEO plugin. -->","yoast_head_json":{"title":"T\u00e9rminos y condiciones - GoBlue","robots":{"index":"index","follow":"follow","max-snippet":"max-snippet:-1","max-image-preview":"max-image-preview:large","max-video-preview":"max-video-preview:-1"},"canonical":"https:\/\/codisoil.com\/adblue\/goblue\/terminos-y-condiciones\/","og_locale":"es_ES","og_type":"article","og_title":"T\u00e9rminos y condiciones - GoBlue","og_description":"VISI\u00d3N GENERAL Este sitio web est\u00e1 gestionado por Codisoil S.A.. En todo el sitio, los t\u00e9rminos \u00abnosotros\u00bb, \u00abnos\u00bb y \u00abnuestro\u00bb se refieren a Codisoil S.A.. Codisoil S.A. ofrece este sitio web, incluyendo toda la informaci\u00f3n, herramientas y servicios disponibles en este sitio para usted, el usuario, condicionado a la aceptaci\u00f3n de todos los t\u00e9rminos, condiciones, [&hellip;]","og_url":"https:\/\/codisoil.com\/adblue\/goblue\/terminos-y-condiciones\/","og_site_name":"GoBlue","article_publisher":"https:\/\/www.facebook.com\/Codisoil","article_modified_time":"2025-06-18T16:24:33+00:00","twitter_card":"summary_large_image","twitter_misc":{"Tiempo de lectura":"5 minutos"},"schema":{"@context":"https:\/\/schema.org","@graph":[{"@type":"WebPage","@id":"https:\/\/codisoil.com\/adblue\/goblue\/terminos-y-condiciones\/","url":"https:\/\/codisoil.com\/adblue\/goblue\/terminos-y-condiciones\/","name":"T\u00e9rminos y condiciones - GoBlue","isPartOf":{"@id":"https:\/\/codisoil.com\/adblue\/goblue\/#website"},"datePublished":"2025-03-15T17:22:30+00:00","dateModified":"2025-06-18T16:24:33+00:00","breadcrumb":{"@id":"https:\/\/codisoil.com\/adblue\/goblue\/terminos-y-condiciones\/#breadcrumb"},"inLanguage":"es","potentialAction":[{"@type":"ReadAction","target":["https:\/\/codisoil.com\/adblue\/goblue\/terminos-y-condiciones\/"]}]},{"@type":"BreadcrumbList","@id":"https:\/\/codisoil.com\/adblue\/goblue\/terminos-y-condiciones\/#breadcrumb","itemListElement":[{"@type":"ListItem","position":1,"name":"Portada","item":"https:\/\/codisoil.com\/adblue\/goblue\/"},{"@type":"ListItem","position":2,"name":"T\u00e9rminos y condiciones"}]},{"@type":"WebSite","@id":"https:\/\/codisoil.com\/adblue\/goblue\/#website","url":"https:\/\/codisoil.com\/adblue\/goblue\/","name":"GoBlue | Codisoil","description":"","publisher":{"@id":"https:\/\/codisoil.com\/adblue\/goblue\/#organization"},"potentialAction":[{"@type":"SearchAction","target":{"@type":"EntryPoint","urlTemplate":"https:\/\/codisoil.com\/adblue\/goblue\/?s={search_term_string}"},"query-input":{"@type":"PropertyValueSpecification","valueRequired":true,"valueName":"search_term_string"}}],"inLanguage":"es"},{"@type":"Organization","@id":"https:\/\/codisoil.com\/adblue\/goblue\/#organization","name":"GoBlue - Codisoil","url":"https:\/\/codisoil.com\/adblue\/goblue\/","logo":{"@type":"ImageObject","inLanguage":"es","@id":"https:\/\/codisoil.com\/adblue\/goblue\/#\/schema\/logo\/image\/","url":"https:\/\/codisoil.com\/adblue\/goblue\/wp-content\/uploads\/2021\/02\/GoBlueLogo-02.png","contentUrl":"https:\/\/codisoil.com\/adblue\/goblue\/wp-content\/uploads\/2021\/02\/GoBlueLogo-02.png","width":1000,"height":500,"caption":"GoBlue - Codisoil"},"image":{"@id":"https:\/\/codisoil.com\/adblue\/goblue\/#\/schema\/logo\/image\/"},"sameAs":["https:\/\/www.facebook.com\/Codisoil","https:\/\/www.instagram.com\/codisoil","https:\/\/www.linkedin.com\/company\/codisoil"]}]}},"_links":{"self":[{"href":"https:\/\/codisoil.com\/adblue\/goblue\/wp-json\/wp\/v2\/pages\/4060","targetHints":{"allow":["GET"]}}],"collection":[{"href":"https:\/\/codisoil.com\/adblue\/goblue\/wp-json\/wp\/v2\/pages"}],"about":[{"href":"https:\/\/codisoil.com\/adblue\/goblue\/wp-json\/wp\/v2\/types\/page"}],"author":[{"embeddable":true,"href":"https:\/\/codisoil.com\/adblue\/goblue\/wp-json\/wp\/v2\/users\/11"}],"replies":[{"embeddable":true,"href":"https:\/\/codisoil.com\/adblue\/goblue\/wp-json\/wp\/v2\/comments?post=4060"}],"version-history":[{"count":2,"href":"https:\/\/codisoil.com\/adblue\/goblue\/wp-json\/wp\/v2\/pages\/4060\/revisions"}],"predecessor-version":[{"id":4102,"href":"https:\/\/codisoil.com\/adblue\/goblue\/wp-json\/wp\/v2\/pages\/4060\/revisions\/4102"}],"wp:attachment":[{"href":"https:\/\/codisoil.com\/adblue\/goblue\/wp-json\/wp\/v2\/media?parent=4060"}],"curies":[{"name":"wp","href":"https:\/\/api.w.org\/{rel}","templated":true}]}}